 + 2*y(k). Suppose -j = j. Calculate o(j).
13
Let g be (-4)/(-1 - 0) - 220/44. Let z(j) be the second derivative of 3*j**4/2 + j**2/2 - 56*j. Determine z(g).
19
Let h(b) = -2*b - 168. Let g(s) = -6*s - 145. Let y(v) = 3*g(v) - 4*h(v). Determine y(22).
17
Let h(s) = -4*s**2 + 2 + 11 - 4 - 2*s**2 - 2*s - 10. Let g(p) = p**3 - p**2 - 2*p - 1. Let z be g(-1). What is h(z)?
-5
Let u(y) = 2*y**2 + 30*y + 26. Let f be 28/((-3)/(90/50) + (-1)/3). What is u(f)?
-2
Let l(i) = i**2 - 16*i + 3. Let b = 9114 + -9104. What is l(b)?
-57
Let d(p) = -p**2 - 58*p**3 - 25*p - 19*p**2 - 21 + 66*p**3. Let b(s) = 5*s**3 - 10*s**2 - 13*s - 10. Let t(m) = -5*b(m) + 3*d(m). Determine t(-9).
-4
Let p(f) = f + 2. Let w be p(5). Suppose w*k - 5 = 2. Let b(d) = d - 1 + 2 - 3 + k. Give b(8).
7
Let h be (8/104)/((-26)/(-338)). Let x(q) = -110*q - 2. Give x(h).
-112
Let z(n) = n**3 + 3*n**2 - n - 1. Let c(q) = q**2 + 10*q + 6. Let f be c(-9). Let u be z(f). Let r(a) = -11*a + 1. Determine r(u).
-21
Suppose 0 = 12*g + 9*g - 21. Let k(q) = q**3 - q**2 - 2*q + 1. Let h(i) = 7*i**3 - 9*i**2 - 16*i + 7. Let t(b) = g*h(b) - 6*k(b). Give t(3).
-11
Let w(r) = r**2 - 49*r - 93. Let k be w(-2). Let u(t) = -t**2 + 11*t + 2. What is u(k)?
20
Let l(f) = -56*f - 436. Let z(q) = -60*q - 451. Let h(n) = 6*l(n) - 5*z(n). Determine h(-10).
-1
Suppose 3*t - 8*i + 71 = -3*i, -2*t - 3*i = 22. Let a(n) = -6*n - 109. What is a(t)?
-7
Let y(i) = i**3 - 10*i**2 - 9*i - 6. Let v be (-9482)/(-286) - 2/13. Let j be v/(-9)*(11 - 14). What is y(j)?
16
Let j be -1*10/(10/(-3)). Suppose -j*v - 12 = n + 11, 0 = -3*v + n - 31. Let d(w) = w**3 + 9*w**2 + w + 2. Give d(v).
-7
Let a be -5 - 20/(-50) - (-2)/(-5). Let y(z) = z**3 - 10*z**2 + z + 13. Let q be y(10). Let b(t) = -t - 2*t + q - 28. Determine b(a).
10
Let q(v) = 13 + 10 - 25 + v. Let i = -1542 + 1553. What is q(i)?
9
Suppose -k - 3 = -6. Let d = -2 + k. Let n(b) = b**3 - 7*b**2 + 16*b + 2. Let v(y) = 12*y**3 - 61*y**2 + 139*y + 17. Let w(l) = -26*n(l) + 3*v(l). What is w(d)?
9
Let a(t) = -t**2 + 18*t - 6. Let p(y) = 6*y**2 + 49*y + 94. Let z be p(-6). Determine a(z).
26
Let q(k) be the second derivative of -k**4/6 - 4*k**3 + 31*k**2/2 - 625*k. Calculate q(-13).
5
Let n(b) = 4*b**2 - 4*b + 3. Let r(y) = -2*y**2 + 29*y + 9. Let x be r(15). Let t = 4 + x. Let k = 0 - t. Determine n(k).
11
Let i(o) = -o**3 + o**2 - o + 7. Suppose 40*j = 53*j + 50*j. Calculate i(j).
7
Let d(x) be the second derivative of x**4/12 + 5*x**3/6 - 5*x**2/2 + 2*x - 193. Suppose 1 = z - 1. Suppose 4*k + z + 22 = 0. What is d(k)?
1
Let i(k) = 19*k**2 - 23*k - 34. Let m(g) = -11*g**2 - 5*g - 1. Let w(o) = i(o) + 2*m(o). Determine w(-10).
-6
Let a = -6 + 8. Let l be -1*(-5 + -2 + a). Suppose -5*m - t = -27, -l*m + 19 = 4*t + 1. Let i(c) = c**3 - 6*c**2 + 2*c - 3. Calculate i(m).
9
Suppose s + s + 4*z = 230, 2*s = -z + 233. Let f = 31 + 83. Let r = s - f. Let q(b) = -b**2 + b - 3. Give q(r).
-9
Let n(m) = m**3 + 6*m**2 + m + 8. Suppose -3*y + 13 = -u, 18*y - 21*y = 3*u - 9. Suppose -b - 5*h + y = 0, -9 = 4*b + 5*h + 5. What is n(b)?
2
Let o(k) = -7*k - 56. Let q = -36741 + 36729. Give o(q).
28
Let y(f) = -15. Let g(j) = j - 1. Let x(s) = g(s) - y(s). Let u be 87/(-2)*(66/(-9) + 4). Let m = 145 - u. Give x(m).
14
Let r = -4433 + 4416. Let b(a) = -a**3 - 18*a**2 - 15*a + 12. Calculate b(r).
-22
Let d(u) = 5*u**3 + 4*u**2 + 4*u + 4. Let c(m) = m**3 + 32*m**2 - 20*m + 427. Let a be c(-33). Determine d(a).
-28
Let s(t) = -64*t**3 + 11 + 33*t**3 - 13*t**2 - 13*t + 32*t**3. Calculate s(14).
25
Let z(h) = -h**2 + 16*h - 10. Let u = 2066 - 2052. What is z(u)?
18
Let x(f) = f - 6. Let o = 543 + -558. Let s(m) = -m**2 - 22*m - 111. Let v be s(o). Calculate x(v).
-12
Let i(y) be the second derivative of -y**3/6 + 10*y**2 + 46*y + 2. Determine i(11).
9
Let s(c) = 3*c - 1. Let v = -652 + 946. Let h = -290 + v. Calculate s(h).
11
Let f be (-21*(-1)/(-3))/(1 - 2). Let h(y) be the first derivative of -y**2 + 8*y - 2. Give h(f).
-6
Suppose 502 = 12*o - 266. Suppose -60*p - 32 = -o*p. Let r(h) = p*h + h**2 - h - h - 4 - 3. What is r(-7)?
0
Let n(p) = 2*p**2 + 14*p - 32. Let h(b) = -b**2 - 7*b + 16. Let f(m) = -9*h(m) - 4*n(m). What is f(-9)?
2
Let l(z) = -2*z + 22. Let i be -846 + -10*(1 + 6/(-10)). Let m be (-2)/17 + (-9450)/i. Calculate l(m).
0
Suppose -m = 20 - 22. Let d(h) = -93*h**3 - 3*h + 94*h**3 + 5*h**2 - 3 - h**2 + m*h**2. Calculate d(-6).
15
Let b(q) = -5*q - 6. Let u(i) = -28*i - 35. Let f(n) = 34*b(n) - 6*u(n). Let t(s) = s**2 + 8*s - 13. Let y be t(-6). Let d = y - -30. Determine f(d).
-4
Let w = -20 - 46. Let v = w - -67. Let y(o) = 3*o**3 - 5*o - 3. Let g(x) = x + 1. Let c(u) = -4*g(u) - y(u). Give c(v).
-3
Let v be 0 - 9/(-9)*-1. Let n(i) = 2*i**3 + i**2 - i - 1. Let j be n(v). Let h(u) = -25*u - 2. What is h(j)?
23
Let f(b) = -b**3 + 291*b - 41. Let y be f(17). Let x(s) = s**2 - 10. Calculate x(y).
39
Let p(i) = i**2 - 4*i + 10. Let q be p(4). Let r(m) = -6*m**2 - 14*m + 2*m**3 - m**3 + 6*m + 3*m - q. Calculate r(7).
4
Let v(x) = 12*x + 1. Suppose 0 = 5*h - j + 4*j + 126, -18 = h - 3*j. Let m be -2 + 3*(-8)/h. Calculate v(m).
-11
Let w = 358 + -354. Suppose -2*p + 2*v = -w, -p + 4*p = -2*v - 19. Let j(r) = r**3 + 2*r**2 + r - 3. Give j(p).
-15
Let a(q) be the third derivative of 13*q**4/8 + 16*q**3/3 + 97*q**2 + 6. What is a(-1)?
-7
Let i = 119 - 121. Suppose -3*g - 5 = -4*c - 31, 5*g + c = 5. Let w(b) = 0*b - 3*b**2 - 2*b - 20 + b**g + 21. Calculate w(i).
-3
Let r(m) = 2*m**2 - 54*m + 13. Let k = 947 + -920. Calculate r(k).
13
Let x(o) = -30*o**3 - 5*o**2 - 5*o + 14. Let u(a) = 10*a**3 + 2*a**2 + 2*a - 5. Let p = 39 + -35. Let y(f) = p*x(f) + 11*u(f). Calculate y(-1).
11
Let x(p) be the third derivative of p**5/60 - p**4/8 - 11*p**3/6 - 846*p**2. What is x(-7)?
59
Suppose -4*k - 11 = 5*j - 54, -4*k = 3*j - 29. Let y(f) = -f**3 + 6*f**2 + 5*f - 4. Give y(j).
-18
Let j be (-168)/(-44) - (-5)/(495/18). Let u(d) be the third derivative of -1/3*d**j + 0 - 1/60*d**5 - d**3 + 0*d - 10*d**2. Determine u(-6).
6
Let m(d) = -53*d + 170. Let j(h) = -254*h + 852. Let g(o) = 4*j(o) - 19*m(o). Determine g(17).
25
Let m(z) be the first derivative of z**2 - 15*z - 129. Determine m(5).
-5
Suppose 25 = 8*u + 1. Let l(s) = 5*s**3 - 6*s**u + 3*s**2 - 3*s**2 - 6 - 6*s**2. Give l(-6).
-6
Suppose -25 = 4*v - 57. Let t = 20 - 10. Let w(b) = 1 - t - 3*b + 0 + 4*b. Calculate w(v).
-1
Let r(f) = f**2 - 10*f - 13. Suppose -760 = -24*c + 4*c. Suppose 4*z - n = n + c, 12 = 4*n. Calculate r(z).
-2
Let w(t) = 205*t**2 - 9*t - 8. Let r be w(-1). Let x = r - 199. Let y(v) be the second derivative of v**3/2 - 3*v**2 - v. Determine y(x).
15
Let p(w) = w**2 + 8*w - 33. Let g be (0 - 2/(-3)) + 1085/(-93). Let v be p(g). Let i(a) = -a**2 + 2*a + 4. Give i(v).
4
Let v be 15 + 1 - 80/(-10). Suppose 9 = 3*r + 4*a + 3, -3*r + v = -2*a. Let f(o) = o**3 - 8*o**2 + 6*o - 7. What is f(r)?
-43
Let k(j) = 4*j - 2. Let a(u) = -7*u + 6. Suppose -3 = c + 4*f, 0 = 2*c + 3*f - 0 - 4. Let t(y) = c*k(y) + 3*a(y). Give t(7).
1
Suppose -996 = -13*g - 1139. Let r(o) = -o**2 - 9*o + 31. Determine r(g).
9
Let g(p) = 4*p + 68. Let d be g(-14). Suppose 87 = -d*o + 15. Let c(i) = -i**2 - 3*i + 2. Determine c(o).
-16
Let b(z) = 6*z + 16 - 1 + 3812*z**3 - 9*z**2 - 3811*z**3. Give b(8).
-1
Let f = 17 - 15. Let m(t) be the second derivative of 2*t**4/3 - t**3/6 + t**2 + 75*t - 1. Give m(f).
32
Let s = 21970 + -21976. Let t(z) = 2*z**2 + 16*z + 3. Calculate t(s).
-21
Let l be 1/(4/28) + -3. Let w(r) = r**2 - 3*r - 4. Let g be w(l). Let p(q) = -10 + 0 - q**3 + 91 - 85. Determine p(g).
-4
Let r(z) = z - 62 - 3*z**2 + 4*z**2 - 7 - 4. Give r(-9).
-1
Let u be (1*(-10)/9)/((-1)/9). Suppose 5*o = u*o + 30. Let y(f) = -3*f - 14. Give y(o).
4
Suppose 3*s + 51*s - 196 = 26*s. Let p(f) be the second derivative of 2*f**3/3 - 5*f**2 + f. What is p(s)?
18
Let q(u) = -u**3 + 3*u**2 + 28*u - 82. Let z be q(3). Let y(v) = -2*v**3 + 6*v**2 - 3*v - 4. Calculate y(z).
-2
Let n(r) = 32*r**2 - 15*r - 8. Let y(o) = 123*o**2 - 58*o - 38. Let t(b) = 23*n(b) - 6*y(b). Give t(0).
44
Let l(m) = -352*m + 3. Let f(g) = -156*g + 2. Let t(y) = -9*f(y) + 4*l(y). Give t(4).
-22
Let g(d) be the second derivative of 0 - 17*d + 7/6*d**3 - 5/2*d**2 - 1/12*d**4. What is g(5)?
5
Let a = 